{"id":29,"date":"2024-03-26T11:29:59","date_gmt":"2024-03-26T11:29:59","guid":{"rendered":"https:\/\/tierphysio-hessen.tierda.de\/?page_id=29"},"modified":"2025-08-17T13:40:02","modified_gmt":"2025-08-17T13:40:02","slug":"startseite","status":"publish","type":"page","link":"https:\/\/wissen.tierda.de\/","title":{"rendered":"Startseite"},"content":{"rendered":"\n<div class=\"wp-block-columns is-layout-flex wp-container-core-columns-is-layout-28f84493 wp-block-columns-is-layout-flex\">\n<div class=\"wp-block-column is-layout-flow wp-block-column-is-layout-flow\" style=\"flex-basis:100%\">\n<div class=\"wp-block-cover alignfull is-light has-small-font-size\" style=\"min-height:152px;aspect-ratio:unset;\"><span aria-hidden=\"true\" class=\"wp-block-cover__background has-background-dim-60 has-background-dim\" style=\"background-color:#e0c470\"><\/span><div class=\"wp-block-cover__inner-container is-layout-flow wp-block-cover-is-layout-flow\">\n<div style=\"height:10px\" aria-hidden=\"true\" class=\"wp-block-spacer\"><\/div>\n\n\n\n<p class=\"has-ast-global-color-1-color has-text-color has-link-color wp-elements-e7f49622cbe8bc117261120f2ef1f6dd\" style=\"padding-right:var(--wp--preset--spacing--40);padding-left:var(--wp--preset--spacing--40);font-size:21px;line-height:2\">Es gilt tierische Bewegungsfreude zu erhalten, zu unterst\u00fctzen und zu f\u00f6rdern. Wer Bewegungsf\u00e4higkeit, Fitness und Gesundheit bis ins hohe Alter erhalten kann, dem wird Bewegungsfreude und dadurch pure Lebensfreude geschenkt. Im Mittelpunkt der Kurse steht deshalb die aktive Gesundheitsvorsorge.<\/p>\n\n\n\n<div style=\"height:10px\" aria-hidden=\"true\" class=\"wp-block-spacer\"><\/div>\n<\/div><\/div>\n\n\n\n<h2 class=\"wp-block-heading has-text-align-center\" style=\"font-size:45px;line-height:1.5\">ONLINE KURSE:<\/h2>\n\n\n\n<div class=\"wp-block-cover alignfull is-light has-small-font-size\" style=\"min-height:152px;aspect-ratio:unset;\"><span aria-hidden=\"true\" class=\"wp-block-cover__background has-background-dim-0 has-background-dim\"><\/span><div class=\"wp-block-cover__inner-container is-layout-flow wp-block-cover-is-layout-flow\">\n<div class=\"wp-block-columns is-layout-flex wp-container-core-columns-is-layout-28f84493 wp-block-columns-is-layout-flex\">\n<div class=\"wp-block-column has-background is-layout-flow wp-block-column-is-layout-flow\" style=\"background-color:#803e70bd;padding-top:var(--wp--preset--spacing--20);padding-right:var(--wp--preset--spacing--20);padding-bottom:var(--wp--preset--spacing--20);padding-left:var(--wp--preset--spacing--20)\">\n<div class=\"wp-block-cover aligncenter has-ast-global-color-2-color has-text-color has-link-color wp-elements-c6e9fba1238eedba935f127c4633ce8a wp-duotone-unset-1\" style=\"border-width:3px;padding-top:var(--wp--preset--spacing--30);padding-right:var(--wp--preset--spacing--30);padding-bottom:var(--wp--preset--spacing--30);padding-left:var(--wp--preset--spacing--30)\"><img loading=\"lazy\" decoding=\"async\" width=\"775\" height=\"596\" class=\"wp-block-cover__image-background wp-image-1405 size-full\" alt=\"\" src=\"https:\/\/wissen.tierda.de\/wp-content\/uploads\/2025\/08\/Screenshot_20231002_122028_Gallery.jpg\" style=\"object-position:45% 85%\" data-object-fit=\"cover\" data-object-position=\"45% 85%\" srcset=\"https:\/\/wissen.tierda.de\/wp-content\/uploads\/2025\/08\/Screenshot_20231002_122028_Gallery.jpg 775w, https:\/\/wissen.tierda.de\/wp-content\/uploads\/2025\/08\/Screenshot_20231002_122028_Gallery-300x231.jpg 300w, https:\/\/wissen.tierda.de\/wp-content\/uploads\/2025\/08\/Screenshot_20231002_122028_Gallery-768x591.jpg 768w\" sizes=\"auto, (max-width: 775px) 100vw, 775px\" \/><span aria-hidden=\"true\" class=\"wp-block-cover__background has-black-background-color has-background-dim\"><\/span><div class=\"wp-block-cover__inner-container is-layout-flow wp-block-cover-is-layout-flow\">\n<div class=\"wp-block-buttons alignfull has-custom-font-size has-large-font-size is-content-justification-center is-layout-flex wp-container-core-buttons-is-layout-23a043ba wp-block-buttons-is-layout-flex\">\n<div class=\"wp-block-button\"><a class=\"wp-block-button__link has-ast-global-color-2-color has-text-color has-background has-link-color has-border-color has-ast-global-color-2-border-color has-custom-font-size wp-element-button\" href=\"https:\/\/wissen.tierda.de\/index.php\/online_kurse\/basic-fitness-online-kurs\" style=\"border-width:3px;background-color:#803e709c;font-size:29px;line-height:1.5\"><strong>BASIC-FITNESS ONLINEKURS<\/strong> [VORSCHAU\/ LOGIN]<\/a><\/div>\n<\/div>\n\n\n\n<p class=\"has-text-align-center has-ast-global-color-2-color has-text-color has-link-color wp-elements-b157907d32072a5d75fb9e5a006b6f36\" style=\"padding-top:var(--wp--preset--spacing--30);padding-right:var(--wp--preset--spacing--30);padding-bottom:var(--wp--preset--spacing--30);padding-left:var(--wp--preset--spacing--30);font-size:25px;line-height:1.5\">Dein Online Kurs aus Fitness- + Wellness-Elementen, weil ein gesundes Fundament immer z\u00e4hlt. \u00dcbungsreichen Praxis-Sessions, Lern- und \u00dcbungsmaterialien und Austausch in Kleingruppe.<strong> <\/strong><\/p>\n\n\n\n<div class=\"wp-block-buttons alignfull has-custom-font-size has-large-font-size is-content-justification-center is-layout-flex wp-container-core-buttons-is-layout-23a043ba wp-block-buttons-is-layout-flex\">\n<div class=\"wp-block-button\"><a class=\"wp-block-button__link has-ast-global-color-2-background-color has-text-color has-background has-link-color has-border-color has-ast-global-color-8-border-color has-custom-font-size wp-element-button\" href=\"https:\/\/www.tierda.de\/basic-fitness-hund\/\" style=\"border-width:3px;color:#803f71;font-size:29px;line-height:1.5\"><strong>BASIC-FITNESS<\/strong> [INFOSEITE+ ANMELDUNG]<\/a><\/div>\n<\/div>\n<\/div><\/div>\n<\/div>\n<\/div>\n\n\n\n<div class=\"wp-block-columns is-layout-flex wp-container-core-columns-is-layout-28f84493 wp-block-columns-is-layout-flex\">\n<div class=\"wp-block-column has-background is-layout-flow wp-block-column-is-layout-flow\" style=\"background-color:#e0c47073;padding-top:var(--wp--preset--spacing--20);padding-right:var(--wp--preset--spacing--20);padding-bottom:var(--wp--preset--spacing--20);padding-left:var(--wp--preset--spacing--20)\">\n<div class=\"wp-block-columns is-layout-flex wp-container-core-columns-is-layout-28f84493 wp-block-columns-is-layout-flex\">\n<div class=\"wp-block-column is-layout-flow wp-block-column-is-layout-flow\">\n<div class=\"wp-block-cover aligncenter wp-duotone-unset-2\" style=\"border-width:3px;padding-top:var(--wp--preset--spacing--20);padding-right:var(--wp--preset--spacing--20);padding-bottom:var(--wp--preset--spacing--20);padding-left:var(--wp--preset--spacing--20)\"><img loading=\"lazy\" decoding=\"async\" width=\"1024\" height=\"576\" class=\"wp-block-cover__image-background wp-image-1292 size-large\" alt=\"\" src=\"https:\/\/wissen.tierda.de\/wp-content\/uploads\/2024\/11\/IMG-20220920-WA0003-1024x576.jpg\" data-object-fit=\"cover\" srcset=\"https:\/\/wissen.tierda.de\/wp-content\/uploads\/2024\/11\/IMG-20220920-WA0003-1024x576.jpg 1024w, https:\/\/wissen.tierda.de\/wp-content\/uploads\/2024\/11\/IMG-20220920-WA0003-300x169.jpg 300w, https:\/\/wissen.tierda.de\/wp-content\/uploads\/2024\/11\/IMG-20220920-WA0003-768x432.jpg 768w, https:\/\/wissen.tierda.de\/wp-content\/uploads\/2024\/11\/IMG-20220920-WA0003-1536x864.jpg 1536w, https:\/\/wissen.tierda.de\/wp-content\/uploads\/2024\/11\/IMG-20220920-WA0003.jpg 1599w\" sizes=\"auto, (max-width: 1024px) 100vw, 1024px\" \/><span aria-hidden=\"true\" class=\"wp-block-cover__background has-ast-global-color-1-background-color has-background-dim\"><\/span><div class=\"wp-block-cover__inner-container is-layout-flow wp-block-cover-is-layout-flow\">\n<div style=\"height:10px\" aria-hidden=\"true\" class=\"wp-block-spacer\"><\/div>\n\n\n\n<p class=\"has-text-align-center has-ast-global-color-2-color has-text-color has-link-color wp-elements-0b46247ca26fb8f394b41a440825ee3f\" style=\"font-size:35px;line-height:1.5\">WEITERE ONLINE-KURSE SIND IN PLANUNG UND ENTWICKLUNG&#8230;<\/p>\n<\/div><\/div>\n<\/div>\n<\/div>\n<\/div>\n<\/div>\n<\/div><\/div>\n\n\n\n<h2 class=\"wp-block-heading has-text-align-center\" style=\"font-size:45px;line-height:1.5\">VOR-ORT-KURSE:<\/h2>\n\n\n\n<div class=\"wp-block-cover alignfull is-light has-small-font-size\" style=\"min-height:152px;aspect-ratio:unset;\"><span aria-hidden=\"true\" class=\"wp-block-cover__background has-background-dim-0 has-background-dim\"><\/span><div class=\"wp-block-cover__inner-container is-layout-flow wp-block-cover-is-layout-flow\">\n<div class=\"wp-block-columns has-background is-layout-flex wp-container-core-columns-is-layout-07b7b7eb wp-block-columns-is-layout-flex\" style=\"background-color:#e0c47073;padding-top:0;padding-right:0;padding-bottom:0;padding-left:0\">\n<div class=\"wp-block-column is-layout-flow wp-block-column-is-layout-flow\" style=\"padding-top:var(--wp--preset--spacing--20);padding-right:var(--wp--preset--spacing--20);padding-bottom:var(--wp--preset--spacing--20);padding-left:var(--wp--preset--spacing--20)\">\n<div class=\"wp-block-cover aligncenter has-border-color has-ast-global-color-2-border-color wp-duotone-unset-3\" style=\"border-width:3px;padding-top:var(--wp--preset--spacing--20);padding-right:var(--wp--preset--spacing--20);padding-bottom:var(--wp--preset--spacing--20);padding-left:var(--wp--preset--spacing--20)\"><img loading=\"lazy\" decoding=\"async\" width=\"1920\" height=\"1080\" class=\"wp-block-cover__image-background wp-image-1293\" alt=\"\" src=\"https:\/\/wissen.tierda.de\/wp-content\/uploads\/2024\/11\/IMG-20221227-WA0012.jpg\" style=\"object-position:83% 29%\" data-object-fit=\"cover\" data-object-position=\"83% 29%\" srcset=\"https:\/\/wissen.tierda.de\/wp-content\/uploads\/2024\/11\/IMG-20221227-WA0012.jpg 1920w, https:\/\/wissen.tierda.de\/wp-content\/uploads\/2024\/11\/IMG-20221227-WA0012-300x169.jpg 300w, https:\/\/wissen.tierda.de\/wp-content\/uploads\/2024\/11\/IMG-20221227-WA0012-1024x576.jpg 1024w, https:\/\/wissen.tierda.de\/wp-content\/uploads\/2024\/11\/IMG-20221227-WA0012-768x432.jpg 768w, https:\/\/wissen.tierda.de\/wp-content\/uploads\/2024\/11\/IMG-20221227-WA0012-1536x864.jpg 1536w\" sizes=\"auto, (max-width: 1920px) 100vw, 1920px\" \/><span aria-hidden=\"true\" class=\"wp-block-cover__background has-ast-global-color-1-background-color has-background-dim\"><\/span><div class=\"wp-block-cover__inner-container is-layout-flow wp-block-cover-is-layout-flow\">\n<p class=\"has-text-align-center has-ast-global-color-2-color has-text-color has-link-color wp-elements-2bfea94783cb665d6779bb333e45544c\" style=\"padding-top:var(--wp--preset--spacing--20);padding-right:var(--wp--preset--spacing--30);padding-bottom:var(--wp--preset--spacing--20);padding-left:var(--wp--preset--spacing--30);font-size:30px;line-height:1.5\"><strong>Interessierst du dich f\u00fcr Wissen zum Anfassen und Mitmachen?<\/strong> <\/p>\n\n\n\n<p class=\"has-text-align-center has-text-color has-link-color wp-elements-f4c41262998d74117e69a92b17879e00\" style=\"color:#e0c470;padding-top:var(--wp--preset--spacing--20);padding-right:var(--wp--preset--spacing--30);padding-bottom:var(--wp--preset--spacing--20);padding-left:var(--wp--preset--spacing--30);font-size:25px;line-height:1.5\">In Antrifttal und auf Anfrage in Eurem Verein biete ich:<\/p>\n\n\n\n<div class=\"wp-block-buttons is-content-justification-center is-layout-flex wp-container-core-buttons-is-layout-a89b3969 wp-block-buttons-is-layout-flex\">\n<div class=\"wp-block-button is-style-fill\"><a class=\"wp-block-button__link has-ast-global-color-2-color has-text-color has-background has-link-color has-border-color has-ast-global-color-2-border-color has-custom-font-size wp-element-button\" href=\"https:\/\/www.tierda.de\/kurse\/\" style=\"border-width:3px;background-color:#e0c470bd;font-size:29px;line-height:1.5\"><strong>KURSE VOR ORT<\/strong><\/a><\/div>\n<\/div>\n\n\n\n<div style=\"height:10px\" aria-hidden=\"true\" class=\"wp-block-spacer\"><\/div>\n<\/div><\/div>\n<\/div>\n<\/div>\n<\/div><\/div>\n<\/div>\n<\/div>\n\n\n\n<p><\/p>\n","protected":false},"excerpt":{"rendered":"<p>ONLINE KURSE: VOR-ORT-KURSE:<\/p>\n","protected":false},"author":1,"featured_media":0,"parent":0,"menu_order":0,"comment_status":"closed","ping_status":"closed","template":"page-templates\/homepage.php","meta":{"site-sidebar-layout":"default","site-content-layout":"","ast-site-content-layout":"default","site-content-style":"default","site-sidebar-style":"default","ast-global-header-display":"","ast-banner-title-visibility":"","ast-main-header-display":"","ast-hfb-above-header-display":"","ast-hfb-below-header-display":"","ast-hfb-mobile-header-display":"","site-post-title":"disabled","ast-breadcrumbs-content":"","ast-featured-img":"","footer-sml-layout":"","ast-disable-related-posts":"","theme-transparent-header-meta":"","adv-header-id-meta":"","stick-header-meta":"","header-above-stick-meta":"","header-main-stick-meta":"","header-below-stick-meta":"","astra-migrate-meta-layouts":"default","ast-page-background-enabled":"default","ast-page-background-meta":{"desktop":{"background-color":"var(--ast-global-color-4)","background-image":"","background-repeat":"repeat","background-position":"center center","background-size":"auto","background-attachment":"scroll","background-type":"","background-media":"","overlay-type":"","overlay-color":"","overlay-opacity":"","overlay-gradient":""},"tablet":{"background-color":"","background-image":"","background-repeat":"repeat","background-position":"center center","background-size":"auto","background-attachment":"scroll","background-type":"","background-media":"","overlay-type":"","overlay-color":"","overlay-opacity":"","overlay-gradient":""},"mobile":{"background-color":"","background-image":"","background-repeat":"repeat","background-position":"center center","background-size":"auto","background-attachment":"scroll","background-type":"","background-media":"","overlay-type":"","overlay-color":"","overlay-opacity":"","overlay-gradient":""}},"ast-content-background-meta":{"desktop":{"background-color":"var(--ast-global-color-5)","background-image":"","background-repeat":"repeat","background-position":"center center","background-size":"auto","background-attachment":"scroll","background-type":"","background-media":"","overlay-type":"","overlay-color":"","overlay-opacity":"","overlay-gradient":""},"tablet":{"background-color":"var(--ast-global-color-5)","background-image":"","background-repeat":"repeat","background-position":"center center","background-size":"auto","background-attachment":"scroll","background-type":"","background-media":"","overlay-type":"","overlay-color":"","overlay-opacity":"","overlay-gradient":""},"mobile":{"background-color":"var(--ast-global-color-5)","background-image":"","background-repeat":"repeat","background-position":"center center","background-size":"auto","background-attachment":"scroll","background-type":"","background-media":"","overlay-type":"","overlay-color":"","overlay-opacity":"","overlay-gradient":""}},"footnotes":""},"class_list":["post-29","page","type-page","status-publish","hentry"],"_links":{"self":[{"href":"https:\/\/wissen.tierda.de\/index.php\/wp-json\/wp\/v2\/pages\/29","targetHints":{"allow":["GET"]}}],"collection":[{"href":"https:\/\/wissen.tierda.de\/index.php\/wp-json\/wp\/v2\/pages"}],"about":[{"href":"https:\/\/wissen.tierda.de\/index.php\/wp-json\/wp\/v2\/types\/page"}],"author":[{"embeddable":true,"href":"https:\/\/wissen.tierda.de\/index.php\/wp-json\/wp\/v2\/users\/1"}],"replies":[{"embeddable":true,"href":"https:\/\/wissen.tierda.de\/index.php\/wp-json\/wp\/v2\/comments?post=29"}],"version-history":[{"count":462,"href":"https:\/\/wissen.tierda.de\/index.php\/wp-json\/wp\/v2\/pages\/29\/revisions"}],"predecessor-version":[{"id":1574,"href":"https:\/\/wissen.tierda.de\/index.php\/wp-json\/wp\/v2\/pages\/29\/revisions\/1574"}],"wp:attachment":[{"href":"https:\/\/wissen.tierda.de\/index.php\/wp-json\/wp\/v2\/media?parent=29"}],"curies":[{"name":"wp","href":"https:\/\/api.w.org\/{rel}","templated":true}]}}